e 15 - ((3 - -6) + 5 + -7).
8
Calculate -8 + 12 + (-12 - -12).
4
-8 + 8 - 4 - (0 - -2)
-6
Calculate -3 + 3 + (2 - 2) + -3.
-3
What is -3 - (-7 - (2 - (-10 - -6)))?
10
Evaluate 8 + -4 + -6 + -1.
-3
115 + -113 - (0 + 1 + -3)
4
What is the value of -3 - (6 - (2 + -3) - 0)?
-10
1 - 7 - (-16 - (7 + -20))
-3
Evaluate (-42 - -49) + (-2 + -7 - -1).
-1
What is the value of (-223 - -225) + -6 + 1?
-3
-8 - (-5 - (-1 - 2) - 4)
-2
Calculate 0 + (1 - 9) + 4 + 3.
-1
-12 + 18 - 8 - (1 - 13)
10
Calculate 1 + 2 + (2 - -1) + -4.
2
1 + 7 + -2 - (2 + 0)
4
18 - (8 - (12 - 14))
8
Evaluate 5 - ((2 - 1) + (13 - 6)).
-3
What is the value of 6 + -4 + (2 - -2) - 4?
2
-10 - (8 + -14 - 4)
0
What is (2 - (0 - -4 - 9)) + -2?
5
Calculate -3 + 1 + -20 + (21 - 6).
-7
What is the value of 8 + -22 - (-12 - -5)?
-7
What is the value of 10 + (5 - (1 + 11))?
3
Calculate 0 + -5 + 2 + 5 + -7.
-5
What is the value of 3 - (-2 + 1 + (-2 - -2))?
4
37 + -42 + 3 + 11
9
-6 - -4 - (0 + (3 - 2))
-3
Calculate -1 + 7 - (5 + 0 + -3).
4
Evaluate 6 + (-1 - 1) + (-75 - -77).
6
What is the value of 4 - (2 - (0 + 1) - -1)?
2
What is -1 + 3 + -3 + 1?
0
Evaluate 18 - 18 - (-3 - 0).
3
0 + 0 + 6 - 6
0
What is the value of -8 + 5 - (11 + -9)?
-5
What is -1 + 8 - (-3 - (4 + -10))?
4
What is the value of 12 + 1 - (93 + -88)?
8
(8 - 0) + (66 - 80)
-6
Evaluate 9 - (0 + (7 - (6 + -3))).
5
Calculate 1 + 0 + 3 - 8.
-4
-2 + 1 - (-3 + 16 + -9)
-5
What is 9 - 5 - 3 - 8?
-7
(3 - 1) + 1 + -8
-5
Calculate 12 + -16 - 9 - -7.
-6
-6 + -9 + 7 + (1 - -3)
-4
What is 0 - 3 - -5 - (0 - -2)?
0
Calculate (90 - 103) + -1 + 8.
-6
Evaluate -13 - -3 - (0 - (4 - 0)).
-6
Evaluate 0 + (9 + (-2 - 0) - 4).
3
Evaluate (-6 - -3) + 5 + -6.
-4
3 + -1 + -2 + 4 + -2
2
What is 7 - (4 - 3) - 5?
1
Evaluate -4 - (0 + 0 + -9 + 8).
-3
Calculate 1 + (-7 - -11 - (14 - 4)).
-5
What is 5 + 5 + -9 + -3?
-2
Calculate (15 + -7 - -3) + -18.
-7
What is -12 - -2 - (-14 + 9)?
-5
What is 0 + -1 + 2 + (1 - -2)?
4
Evaluate 3 - (-1 + -3 + 8 + 4).
-5
Calculate 3 + -4 + -1 + 4 - -3.
5
Evaluate 10 + -4 + 2 + -13.
-5
What is the value of (1 + 5 + -4 - 0) + 0?
2
Calculate -3 - ((-1 - 3) + 2) - 4.
-5
Calculate -7 - (-3 - (3 - 8)) - -4.
-5
Calculate 6 + (-2 + 5 - (5 + 0)).
4
What is (6 - 9 - 1) + -3 + 0?
-7
Calculate 1 + 1 + -2 - (8 + -5).
-3
What is 2 - (-6 - (-10 + 2))?
0
What is the value of 4 + 7 + -27 + -1 + 6?
-11
What is the value of 6 + -2 + (-5 - -1)?
0
5 + -3 + (2 - 4)
0
Calculate (10 - 10) + 10 - 12.
-2
What is -8 + 0 - (-1 + 2 + -4)?
-5
What is the value of -19 + 13 - -2 - (1 + -7)?
2
Calculate 0 - 2 - (15 + -23).
6
What is the value of 1 + (-12 - (4 + -10))?
-5
What is the value of -3 + (4 - (-5 + 1 + -4))?
9
Calculate 0 + (1 - (-7 - -6)).
2
Evaluate (5 - (8 - 8)) + (-3 - 0).
2
What is -1 - (-1 + (3 + -2 - 3))?
2
Calculate 4 + -6 + -6 + 9.
1
Calculate -2 + 1 + 1 - (1 - -1).
-2
(1 - -2) + (2 - 7) + 5
3
5 + (1 - 0 - (5 + -4))
5
Evaluate 18 + -5 + 4 + -11.
6
What is the value of -8 + (1 + -2 - -2 - -2)?
-5
What is -1 - (-1 - (1 - 0)) - 1?
0
What is the value of -2 + -3 - (-3 - (-2 + 2))?
-2
What is the value of -2 - (-1 + (2 - 4))?
1
What is the value of ((5 - 5) + -3 - -9) + -2?
4
-2 + 7 - (-6 - -7 - -3)
1
Evaluate (-5 - -6) + 3 + (-1 - 1).
2
What is the value of -8 + 6 - ((-3 - 3) + 3)?
1
What is -1 - -11 - (-98 + 100)?
8
-1 - (4 + 2 + -5 + -5)
3
What is -1 - (-7 + 6 + -4) - -3?
7
Calculate 0 + (0 - (2 - 4)) - 5.
-3
Evaluate (1 + -1 - 7) + 2 + 11.
6
3 - (-2 + 2 + 2) - -1
2
Calculate 0 + 1 + 1 - 5.
-3
Evaluate -3 + 9 + 3 + -3 + 0.
6
What is (7 - 4) + -15 + 22?
10
What is the value of 2 + 4 + (-4 - -2) + -1?
3
What is 2 - 1 - (0 + 0) - 2?
-1
What is 2 + (5 - (-2 - -4)) + -7?
-2
Evaluate 2 + -4 + (1 - 0) - -3.
2
Calculate -10 + 4 - (-1 + 3 + 0).
-8
What is 1 + (-2 - 4) + (-3 - -2)?
-6
-2 - (4 + (-8 - -4))
-2
Calculate 5 + -1 + (-1 + 4 - 6).
1
What is -6 + 3 - ((3 - 2) + -2)?
-2
3 + -11 + 1 + 6
-1
What is 5 + -6 + (0 - 2)?
-3
What is the value of 1 - (-10 + 17 - 8)?
2
Calculate -3 - -2 - (16 - 20).
3
7 - (0 - -2 - (9 + -12))
2
Evaluate 3 + 4 + (12 - 18).
1
What is -12 - (-17 + (11 - 3))?
-3
Evaluate 10 - 2 - 12 - -5.
1
What is the value of (3 - 1) + -6 + 5?
1
Calculate 5 + 4 - (-6 - -13).
2
Calculate (-17 - -11) + (1 - -1) + -2.
-6
Evaluate -3 - -7 - (0 - (-1 + -3)).
0
What is the value of -3 + 6 - (-1 + -3)?
7
What is the value of 13 + -11 - (-2 + -1 - -7)?
-2
What is 4 + 1 - (-1 + (-5 - -6))?
5
Calculate (5 - (-9 - -12)) + -9.
-7
-2 + (10 - (3 - -1) - 3)
1
Evaluate 1 + 3 - 0 - 3 - 5.
-4
Calculate (1 - 0) + -1 + -2 - 2.
-4
Evaluate 2 + -1 - (13 + -26 - -20).
-6
Evaluate (26 - 25) + (-3 - -2).
0
Evaluate (8 - (2 + 1)) + -3.
2
Evaluate -5 + (1 - 4) + 2.
-6
What is the value of -8 - (-7 - -12) - -9?
-4
Calculate -3 - (-4 - (4 + (1 - 7))).
-1
What is the value of 10 + -12 + -3 - (-11 + 1)?
5
-24 + 6 + 10 + 0
-8
What is -13 - -7 - 4 - -1?
-9
What is -1 - (0 + 7) - -3?
-5
Calculate ((2 - -1) + -2 - -2) + 4.
7
What is the value of 1 + -2 - -9 - 5?
3
Calculate -1 - (5 + -3 + -2).
-1
What is -10 + 5 - -7 - (-1 + -4)?
7
What is the value of 5 - (-26 + 22 - (0 + -5))?
4
2 + -7 + (3 - 5) - -5
-2
3 - (8 - (4 + 1 + -1))
-1
-8 + 7 + (-3 + 7 - 2)
1
Evaluate (11 - 0) + -6 + 0.
5
-4 + 1 + -2 + 0
-5
Evaluate (8 - 17) + (10 - 3).
-2
Evaluate -7 + 7 + 6 - 6.
0
What is (-1 - -9) + -7 + 1?
2
Evaluate (-4 + -13 - (-4 - 1)) + 7.
-5
-9 + 9 - (1 + -1)
0
What is (7 - 1 - 9) + 4 - 1?
0
What is 3 + (17 - 19) + 1 + 4?
6
Evaluate 2 + (2 - (0 - (4 + -6))).
2
What is 12 + -7 + -5 + (-1 - -2)?
1
What is the value of 8 - (-1 + -2 - (-17 + 10))?
4
What is the value of -3 + 1 + (1 - 0)?
-1
(-6 - -4) + -9 + 6
-5
Evaluate (1 - -2) + (-6 - -4) + -6.
-5
Evaluate 0 + (0 + 1 - (-1 + 5)).
-3
-3 + 2 + (10 - 14)
-5
Calculate 8 + (7 - (12 + 4)).
-1
(2 - -2) + -9 + 4
-1
What is the value of 3 - (-9 + 5) - 5?
2
What is 3 - ((-1 - 2 - -6) + 0)?
0
Calculate -8 + -1 + 12 - 8.
-5
What is the value of (0 - 5) + (0 - (0 + -4))?
-1
Calculate (23 - 24) + (-8 - -4).
-5
Calculate -3 - 4 - (-7 - -5).
-5
Calculate -5 - (-6 + 0 - (-6 - -2)).
-3
1 + 3 + -4 + (-3 - -2)
-1
1 + 1 + (-2 - (6 + -9))
3
Evaluate -1 + -1 + (5 - (-4 + 8)).
-1
What is -1 + 1 - -1 - (43 + -45)?
3
2 - (-1 + 4 - 1)
0
What is the value of (-10 + 20 - 24) + 18?
4
Calculate 1 - (-1 + 0) - (11 - 12).
3
6 + -5 + (-1 - -5)
5
Evaluate -4 + -5 + 5 - (9 + -9).
-4
Calculate -1 + (1 - 3) + 4.
1
Calculate 1 + (0 - 1) + 5 + -7.
-2
What is (-2 - (-4 - 0)) + 1 + -1?
2
What is the value of 0 + -1 - (-221 + 224)?
-4
15 - (23 + -2) - (2 + -16)
8
What is the value of 1 - 1 - (-6 + 3)?
3
What is -2 - ((12 - (1 + 4)) + -17)?
8
3 - 2 - -15 - (-3 - -9)
10
What is 4 + (-1 + 3 - 10 - 2)?
-6
Evaluate 1 + -1 + -4 + (2 - -1).
-1
-14 - -8 - -4 - (1 + 0)
-3
What is 4 - -1 - 7 - 3?
-5
(-2 - -9) + 5 + -7
5
What is (-8 - (-8 + 6)) + 0?
-6
What is -7 + 7 + -5 + 2?
-3
10 - 3 - (3 + -7)
11
What is the value of -172 + 167 - (-1 - 11)?
7
Calculate -8 + (-2 - (-6 + -3)).
-1
Evaluate 13 + -3 + (2 - 12).
0
What is the value of 0 + -2 + (-7 - -12) + -5?
-2
What is 4 + -8 - (-1 - -2) - 2?
-7
Evaluate -9 + (15 - (8 + -7)).
5
Evaluate 1 + -2 - -6 - 0.
5
What is the value of -3 + 5 + -2 + -4 + 0?
-4
What is -1 - (-20 - -20 - (0 + -1))?
-2
Calculate 2 - (2 + 2 + 3) - 0.
-5
Calculate -2 + (4 + -3 - 2).
-3
Evaluate 0 + -9 + -1 + 12.
2
Evaluate 0 - (2 - 4 - (-4 + 3)).
1
What is -4 + 1 - (-10 - 0 - -7)?
0
What is the value of 0 - 0 - 2 - (3 - 3)?
-2
What is the value of 3 + -3 + (58 - 54)?
4
Calculate (-3 - (2 + -3)) + 4 - 5.
-3
Calculate 24 - 18 - (-4 - (-6 - -2)).
6
What is 2 - (-3 + 5 - (4 - 0))?
4
Evaluate -3 - (3 + 1 + -3) - 0.
-4
Calculate -3 - (8 + -3 + (-4 - 6)).
2
Calculate (-4 + 2 - 3) + 7 - 2.
0
0 + (-1 - -1 - 1)
-1
What is the value of 5 - 10 - (-2 + 4 + -2)?
-5
What is the value of -9 + 5 + 2 + (1 - 3)?
-4
Evaluate (1 - -5) + 0 - 9.
-3
What is the value of 0 + -1 + -12 + 5 + 11?
3
What is (-11 + 10 - (-7 - -2)) + -5?
-1
Calculate 1 + -2 + 14 - (-141 + 148).
6
Calculate -5 + (3 + 2 - 1).
-1
What is the value of (5 - 7) + (24 - 20)?
2
What is the value of 2 - (-4 - (-1 - 4))?
1
Evaluate 1 + -8 + 4 + -4.
-7
-6 + 3 + -2 + 3 + 1
-1
What is 10 + -6 - (6 - 1) - -4?
3
Evaluate -6 + -9 - (-10 + 9 + -6).
-8
Calculate 2 + 2 + (-1 - 5).
-2
3 + -3 + (5 - 4)
1
What is the value of 6 + (2 - (6 + -1)) 